ivisor of 12 and 708?
12
Calculate the greatest common factor of 3506 and 10.
2
Calculate the highest common divisor of 25 and 13900.
25
Calculate the greatest common divisor of 225 and 150.
75
What is the highest common factor of 8 and 1096?
8
What is the greatest common factor of 17 and 323?
17
What is the highest common divisor of 11033 and 935?
187
What is the highest common factor of 760 and 80?
40
Calculate the highest common factor of 1127 and 69.
23
What is the greatest common factor of 77 and 1122?
11
What is the highest common divisor of 59 and 236?
59
What is the greatest common divisor of 78 and 1110?
6
What is the highest common factor of 9 and 240?
3
What is the highest common factor of 15335 and 10?
5
What is the greatest common factor of 1978 and 43?
43
What is the highest common factor of 375 and 825?
75
Calculate the highest common factor of 126 and 14.
14
Calculate the greatest common factor of 62023 and 169.
169
Calculate the greatest common divisor of 112 and 119.
7
Calculate the highest common divisor of 1400 and 70.
70
Calculate the greatest common factor of 24 and 4168.
8
What is the greatest common factor of 1494 and 54?
18
What is the highest common divisor of 32 and 352?
32
What is the highest common divisor of 22 and 2?
2
Calculate the highest common factor of 2 and 18.
2
Calculate the greatest common divisor of 117 and 39.
39
What is the greatest common divisor of 13534 and 606?
202
Calculate the greatest common factor of 39 and 169.
13
Calculate the greatest common factor of 44 and 14003.
11
Calculate the highest common divisor of 115 and 27439.
23
Calculate the greatest common divisor of 18 and 2694.
6
What is the greatest common factor of 1542 and 6?
6
Calculate the highest common factor of 105 and 3815.
35
What is the greatest common factor of 26 and 416?
26
What is the greatest common factor of 511 and 292?
73
Calculate the highest common divisor of 994 and 14.
14
Calculate the highest common divisor of 99 and 1749.
33
What is the highest common factor of 48 and 56?
8
Calculate the highest common divisor of 28 and 322.
14
What is the greatest common divisor of 400 and 1275?
25
Calculate the greatest common divisor of 1315 and 5.
5
Calculate the highest common divisor of 306 and 204.
102
Calculate the greatest common divisor of 848 and 530.
106
Calculate the highest common divisor of 20412 and 945.
189
What is the highest common divisor of 23 and 437?
23
What is the highest common divisor of 9671 and 19?
19
Calculate the highest common divisor of 185 and 5.
5
What is the highest common divisor of 59 and 5?
1
What is the highest common divisor of 92 and 69?
23
What is the highest common factor of 33 and 4?
1
What is the highest common divisor of 18 and 15?
3
Calculate the greatest common factor of 11440 and 936.
104
What is the highest common divisor of 224 and 10?
2
Calculate the greatest common factor of 48 and 48.
48
Calculate the highest common divisor of 27 and 657.
9
Calculate the greatest common factor of 873 and 194.
97
Calculate the highest common factor of 170 and 10.
10
Calculate the greatest common divisor of 8 and 136.
8
Calculate the greatest common factor of 1096 and 192.
8
Calculate the greatest common divisor of 280 and 40.
40
What is the greatest common factor of 595 and 8687?
119
Calculate the highest common factor of 9052 and 438.
146
Calculate the greatest common divisor of 55 and 440.
55
What is the highest common factor of 204 and 24?
12
What is the highest common divisor of 12691 and 259?
259
Calculate the highest common divisor of 53 and 5141.
53
What is the highest common divisor of 128 and 16?
16
What is the greatest common divisor of 116 and 1479?
29
Calculate the greatest common divisor of 78 and 5343.
39
What is the greatest common factor of 847 and 44?
11
What is the greatest common factor of 24 and 232?
8
What is the highest common factor of 3 and 8?
1
Calculate the greatest common divisor of 377 and 26.
13
What is the highest common factor of 41 and 41?
41
What is the greatest common factor of 1200 and 150?
150
What is the highest common factor of 2534 and 70?
14
What is the greatest common divisor of 26599 and 201?
67
What is the highest common divisor of 1825 and 25?
25
What is the highest common factor of 200 and 1100?
100
Calculate the greatest common factor of 1736 and 1120.
56
What is the greatest common factor of 40 and 170?
10
Calculate the greatest common divisor of 1215 and 105.
15
Calculate the highest common divisor of 110 and 3971.
11
Calculate the highest common factor of 483 and 4025.
161
Calculate the highest common divisor of 136 and 17.
17
Calculate the greatest common factor of 418 and 114.
38
Calculate the greatest common divisor of 259 and 56.
7
Calculate the greatest common divisor of 143 and 121.
11
What is the greatest common divisor of 42 and 98?
14
What is the greatest common factor of 28 and 2086?
14
Calculate the greatest common divisor of 2725 and 25.
25
What is the greatest common factor of 420 and 1980?
60
Calculate the highest common divisor of 237 and 316.
79
Calculate the greatest common divisor of 51 and 663.
51
Calculate the highest common factor of 18 and 120.
6
Calculate the highest common divisor of 116 and 319.
29
Calculate the greatest common divisor of 99 and 528.
33
Calculate the greatest common divisor of 49 and 119.
7
What is the greatest common divisor of 160 and 810?
10
What is the greatest common divisor of 230 and 170?
10
What is the greatest common factor of 87 and 464?
29
What is the greatest common divisor of 765 and 495?
45
Calculate the highest common factor of 12 and 972.
12
Calculate the highest common factor of 123 and 164.
41
What is the highest common divisor of 12 and 17280?
12
Calculate the highest common divisor of 29 and 1131.
29
What is the highest common factor of 111 and 555?
111
Calculate the greatest common factor of 13 and 33657.
13
What is the greatest common divisor of 148 and 1406?
74
What is the greatest common divisor of 13774 and 213?
71
Calculate the greatest common factor of 42 and 3094.
14
What is the highest common factor of 65 and 50?
5
Calculate the highest common divisor of 224 and 196.
28
Calculate the highest common factor of 25 and 225.
25
Calculate the highest common divisor of 2871 and 8091.
261
What is the highest common factor of 106 and 3286?
106
What is the highest common factor of 90 and 27?
9
Calculate the highest common factor of 1695 and 15.
15
What is the greatest common divisor of 82 and 4141?
41
What is the greatest common factor of 7 and 10717?
7
What is the highest common divisor of 68359 and 197?
197
Calculate the highest common divisor of 696 and 638.
58
Calculate the highest common divisor of 5 and 320.
5
What is the greatest common factor of 1166 and 22?
22
What is the highest common factor of 1054 and 124?
62
Calculate the highest common factor of 752 and 2538.
94
Calculate the highest common divisor of 460 and 276.
92
What is the highest common divisor of 1293 and 21?
3
Calculate the greatest common factor of 855 and 665.
95
Calculate the greatest common divisor of 1430 and 1859.
143
What is the greatest common factor of 96 and 564?
12
Calculate the highest common factor of 28 and 574.
14
What is the highest common divisor of 763 and 371?
7
Calculate the greatest common divisor of 91 and 56.
7
What is the highest common factor of 87 and 2001?
87
Calculate the highest common factor of 288 and 108.
36
Calculate the greatest common divisor of 96 and 624.
48
What is the highest common divisor of 77 and 35?
7
Calculate the highest common factor of 1431 and 108.
27
Calculate the highest common factor of 69 and 51.
3
What is the highest common divisor of 640 and 24?
8
What is the greatest common divisor of 138 and 60168?
138
What is the greatest common divisor of 1008 and 63?
63
What is the highest common factor of 4 and 734?
2
Calculate the greatest common divisor of 780 and 40.
20
Calculate the highest common divisor of 224 and 34272.
224
Calculate the highest common factor of 37 and 703.
37
What is the greatest common factor of 248 and 14818?
62
Calculate the greatest common divisor of 39 and 104.
13
What is the highest common factor of 8294 and 174?
58
Calculate the greates